f -4 - (-6 + -1 + 4)?
-1
Calculate -7 - ((-1 - -2) + -3).
-5
What is the value of (1 - (-6 - -2)) + 0 + 1?
6
What is the value of -1 - (7 + (5 - 10))?
-3
What is the value of 3 - -5 - 3 - 5?
0
What is 5 - ((-4 - -13) + -6)?
2
What is the value of 3 + -7 + 1 + 3 + 0?
0
What is the value of (0 - 2) + 2 + -3 + 1?
-2
What is 0 + (4 - 3) - 5?
-4
Calculate 4 + (-4 + 2 - (-2 - -8)).
-4
Calculate -1 - (-4 + -4 + 1 + 6).
0
0 - 4 - -6 - 3
-1
What is the value of 0 - 5 - (24 - 34)?
5
Evaluate -2 + 1 + -4 + 0 + 1.
-4
Evaluate 3 + (-2 - 0) + 0.
1
-28 + 19 + (-2 - -20)
9
Evaluate -8 - -17 - (-6 - -8).
7
What is 0 + -16 + (11 - 8) - -6?
-7
What is 0 - (1 - 8 - (11 - 14))?
4
Calculate 2 + 0 + -4 + 3.
1
Calculate -7 - -11 - (-1 + 2).
3
What is the value of 9 + (4 - (-7 - -12))?
8
Evaluate -3 + (-4 - -8) + (-5 - 7).
-11
-4 + 8 + (-9 - -2)
-3
What is the value of 3 - 0 - (1 - 0)?
2
Evaluate 3 + -4 + 0 + 6 + -8.
-3
26 + -26 + (-1 - -6) + -12
-7
-6 + (-1 - (3 + -7)) + 0
-3
0 + 5 + 2 + -4
3
-6 + 9 + (3 - 9)
-3
What is the value of 1 + (-1 - (3 + -2)) - 2?
-3
7 - 2 - (1 + -2 + 4)
2
What is the value of 3 - (5 + 3 + -2 + -6)?
3
3 + 0 + 0 + 0 - -2
5
Evaluate ((-4 - -3) + 5 - 7) + -2.
-5
What is (0 - -1) + -4 + 7?
4
Calculate 4 + -7 + (0 - (-6 - 2)).
5
What is the value of (2 + 0 - -2) + -8?
-4
0 - 0 - ((-12 - 0) + 6)
6
What is the value of 3 + (-12 - -8) + (-2 - 3)?
-6
What is -8 + 12 + -1 + 1 - 9?
-5
What is -48 + 48 + -1 + 5?
4
Calculate 10 - ((-4 - -10) + (-1 - 0)).
5
Calculate (-3 - -2) + -2 + (-18 - -19).
-2
Calculate -1 + -2 - -4 - 1.
0
(-13 - -9) + 0 + -2
-6
What is 2 - (4 - (-6 + 4 - 1))?
-5
What is (2 - 0) + (-1 - -1 - 0)?
2
Evaluate 0 - -4 - (-9 + 8).
5
What is -3 - ((-1 - -1) + -2 - 3)?
2
What is (12 - 7) + -2 + -2?
1
What is the value of 4 + 7 + 1 + -3 + 2?
11
Evaluate -2 - (3 - (3 + 2)).
0
What is the value of -40 - -30 - (1 - 8)?
-3
Evaluate (210 - 218) + 0 + 1.
-7
Evaluate -4 - (4 - 0 - 3).
-5
Calculate -17 - (-22 + 14 + 0).
-9
What is the value of 9 + 4 + -29 - -8?
-8
Evaluate 7 - (36 + -38 - (0 - -1)).
10
Evaluate 3 + 0 + (3 - 4).
2
What is the value of -7 + 14 + (0 - 5)?
2
What is 0 + 1 + (13 - 9)?
5
-14 + 16 + (-2 - 3)
-3
Evaluate (-4 + -8 + 10 - -1) + -4.
-5
(0 - (3 + 2)) + (-1 - -11)
5
What is -3 - (-8 + 7 - (7 - 2))?
3
Evaluate 3 + (-5 - (6 - 7)) + -2.
-3
1 + (5 - (-3 + 5)) + 1
5
Evaluate -1 + -2 - (5 - 11).
3
Evaluate (3 - 12) + (22 - 2).
11
Calculate -2 + (0 - (-2 + 5)) - -3.
-2
Calculate (10 - 11) + 3 + -2 + 2.
2
Evaluate 3 + 2 - (17 + -15).
3
What is (-1 - -4) + -7 - (6 + -13)?
3
What is the value of -6 + (-2 - -9) + -4?
-3
-77 + 83 - (8 + -1)
-1
-3 + 4 + (2 - -1 - -1)
5
What is the value of 11 + -6 + -9 + 8?
4
What is the value of 3 + -3 - -6 - (-2 + 6)?
2
What is the value of (0 - -2) + -3 - 4?
-5
Evaluate 12 + (-11 - -8) - 11.
-2
What is -7 + (-8 - -8 - (-2 - -1))?
-6
Calculate 1 + 3 + (1 - 5).
0
Evaluate 7 - 0 - -4 - 1.
10
What is 2 - (13 - (-13 + 14))?
-10
Evaluate -1 + -1 + (-2 - 2) + 5.
-1
What is -11 + -2 + 6 + 2?
-5
Calculate 3 - (-3 - (-7 - -2)).
1
Evaluate 4 + (-6 - (4 - 3)) - -2.
-1
What is the value of 9 + (-3 - (-7 + 12 - 6))?
7
(-2 - -11) + 2 + -15
-4
What is the value of 3 + 0 - (4 + 16 + -14)?
-3
What is -1 - 2 - (-2 + 5 - 2)?
-4
-8 + 5 + 5 + -7
-5
Evaluate 4 + (-1 + 2 - (-8 - -9)).
4
11 + -1 + -7 + 2
5
Calculate 22 + (-8 - 3 - 2).
9
What is the value of (0 - -6) + (4 - (-1 + 6))?
5
What is -14 - (-4 + (2 - (3 + 1)))?
-8
Evaluate 3 + 0 - (-5 + 13 + -1).
-4
What is the value of 12 + -4 + -6 + 4?
6
Evaluate -3 + -2 + (6 - 6).
-5
-5 + -11 + 11 + -2
-7
Evaluate (-7 - 1) + -24 + 22 + 2.
-8
What is -9 + 4 - (2 - 6)?
-1
Calculate 4 - (-1 - -2) - (11 - 7).
-1
6 + -14 - -6 - 3
-5
What is the value of 0 + 2 + -3 + 4?
3
What is the value of (4 - 0 - -3 - 0) + -12?
-5
Evaluate (3 - (0 - -1 - -3)) + 6.
5
Calculate -2 + (-1 - (-1 - -1)) + 1.
-2
What is the value of -16 - -20 - (0 - 1)?
5
What is -2 + 0 + 0 + 13 + -8?
3
0 + -7 + (6 - 4) - -9
4
Evaluate 0 + 9 + -1 + -4.
4
What is the value of 1 + 1 - (-28 - -35)?
-5
Calculate -1 - 5 - (94 - 92).
-8
4 - (-2 + 0 + 9)
-3
Evaluate 7 + -3 - (3 - -1) - 3.
-3
What is the value of 0 + (-8 - -5) + 0?
-3
Evaluate 46 + -48 + (1 - (-1 - -3)).
-3
Calculate -3 + (3 - -2) + 1 + -2.
1
What is the value of 5 - (-6 - (1 - 10))?
2
Calculate 0 + (-4 - (-6 + 1)).
1
Calculate -3 - 2 - (-2 + 0 + -3).
0
Calculate (4 - 8) + 8 + -7 - -5.
2
Evaluate 15 + -6 + 1 + -4.
6
What is (13 - (5 + -5 + 3)) + -5?
5
Calculate -7 + 8 + -1 + -4.
-4
Evaluate 1 + (-8 - -9 - (4 - 0)).
-2
Calculate -3 - 2 - (11 - 7 - 11).
2
What is -6 + -7 + 23 + -4 - -1?
7
What is -11 + 6 - 8 - -13?
0
What is the value of -1 - (-3 + 2) - 2 - 3?
-5
Calculate -4 - (-6 + 4) - (3 - 2).
-3
What is the value of 49 + -50 + 4 + (2 - 0)?
5
1 - -10 - (7 - (3 + -1))
6
Calculate 3 + -8 + 0 + -9 + 8.
-6
What is 16 + (0 + -6 - 2)?
8
What is the value of -7 + (3 - (-5 + 1))?
0
What is 2 + 0 - (-128 + 130)?
0
What is 9 - (8 - (-1 + 1))?
1
What is (-6 + 1 - -5) + 4?
4
-1 - (-3 - (0 - (1 + 0)))
1
3 - (1 - (-3 - (-6 + 4)))
1
-11 + 10 + (-2 - -1)
-2
Evaluate -1 + (-3 - 0) + -1 + 7.
2
Evaluate (0 - -5) + (1 - 0 - 2).
4
Evaluate (18 - 7) + (13 - 24).
0
What is 7 - 6 - (-1 - 1)?
3
1 + ((5 - 3) + -5 - 2)
-4
Calculate (23 - 18) + (1 - 1).
5
6 - 8 - ((-1 - -2) + 0)
-3
(-1 - (1 + 1) - 0) + -3
-6
What is 2 + (3 - 7 - -3)?
1
What is 3 + -2 + 0 - (5 - 8)?
4
(8 - 10) + 2 + -3 + 4
1
Evaluate -10 + (16 - (-11 + 12)).
5
What is 7 + -2 + 1 + (-4 - -3)?
5
Calculate 2 + -3 - (0 - (1 + -1)).
-1
-3 + 8 - 0 - 0
5
What is the value of (-6 - 0) + (-171 - -171)?
-6
What is the value of 0 - -8 - (15 - -1 - 11)?
3
Calculate 0 - -2 - (23 - 13).
-8
Calculate 42 - 48 - ((2 - 1) + -12).
5
-5 + 2 + (0 - -5)
2
Calculate 1 + (-8 - 0) + (55 - 42).
6
Evaluate -7 + 2 - (-129 + 130).
-6
(5 - 9) + (0 - -2)
-2
What is (3 - (0 - -4)) + 1?
0
What is the value of 10 - (3 - (0 + -4))?
3
Evaluate 0 - 4 - (-118 + 106).
8
(-7 - -13) + -10 + 1
-3
What is the value of -4 - -1 - ((-5 - -9) + -5)?
-2
9 - (3 - 0) - (32 - 18)
-8
-1 + 4 + -5 + 0
-2
What is (-5 - 1) + (-4 - -5)?
-5
Calculate -2 + (-7 - -4) + -2.
-7
What is -2 - (-3 - ((0 - 3) + 3))?
1
1 - (-3 + 4 + 0)
0
What is the value of 4 - 0 - (-40 - -46)?
-2
What is 10 + (-7 - -3) - (7 + 6)?
-7
Evaluate 23 + -27 + 1 + -3 + 1.
-5
Calculate 10 + -11 + (3 - -1).
3
-3 - (0 - 3) - -3
3
Calculate 3 + (1 + -5 - (11 + -15)).
3
What is -4 + -4 + 4 + -1?
-5
4 + -1 + (-1 - 0) + -3
-1
What is 2 + (-4 - -2) + (-7 - -10)?
3
Evaluate 5 - (-2 - -1) - 13.
-7
What is -18 - -19 - (-1 - -10)?
-8
Calculate 6 - ((4 - 10) + 20) - -3.
-5
Evaluate -1 + -2 + -1 + 0.
-4
What is the value of 7 + -5 - (-2 + 5) - -1?
0
Calculate (0 - -2 - 1) + (-3 - -5).
3
(5 - (-12 - -3) - -2) + -7
9
What is (-7 - -3) + -5 + 17 - 4?
4
Evaluate 6 + 4 + -3 + -2.
5
-8 - (3 - (7 + -1))
-5
Evaluate 1 + 2 + -4 - 1.
-2
Calculate 4 + (6 - (-4 - -11 - 7)).
10
Calculate 12 + 6 + -7 + 2 + -5.
8
What is the value of -1 + 0 + -86 + 85?
-2
Evaluate 3 - (7 - 3) - (6 + -2).
-5
Calculate -2 + (3 - -6 - 4).
3
8 - (-4 + 5 + 4 + -3)
6
What is the value of (-3 - -1 - -14) + 2 + -7?
7
Evaluate -9 - (-4 - -4) - -4 - -6.
1
What is 3 - ((2 - -2) + -2 + 1)?
0
What is 2 + -2 + (-3 - 1) + 3?
-1
What is the value of (1 - -1) + -3 + -4 + 4?
-1
What is the value of -29 + 29 + -7 + 1 - -3?
-3
What is -3 + (0 - (0 + 2) - -3)?
-2
What is the value of (-6 - -5) + 4 + 1 + -9?
-5
-9 + 2 - (-26 + 10) - 0
9
Evaluate 3 + 0 + -22 + 4 + 22.
7
Evaluate -4 - (-8 + (-8 - -8)).
4
What is the value of -1 - -3 - (33 - 34)?
3
Evaluate -3 - (-10 + -2 - -4).
5
What is the value of 1 + -4 + 4 - 1?
0
What is 2 + (-1 - -7) + -19 + 11?
0
What is the value of -7 + -2 + -4 + 16?
3
What is 3 + (-1 - 2) + 2?
2
What is -3 + (1 - (1 - (0 - -4)))?
1
Evaluate -7 - -1 - (-7 - (2 - 5)).
-2
What is 3 + -7 - (11 + 0 - 7)?
-8
What is the value of 6 + -10 + (1 + 0 - 2)?
-5
What is the value of 0 + 2 - 3 - 2 - 1?
-4
What is -10 + 8 + (0 - 1)?
-3
Calculate 11 - (-8 - (-21 - -8 - -1)).
7
Calculate 7 - (-5 - -8) - 1.
3
Evaluate 4 + (-1 - -4) + -3.
4
What is the value of -8 + (3 - 4 - -6) + 3?
0
What is 1 - (9 - (-2 + 6))?
-4
What is the value of 2 + (-4 - (-1 - -1))?
-2
Calculate (-13 + -2 - -6) + 1 + 3.
-5
Evaluate -1 - (-2 - (1 - (3 + 3))).
-4
What is (1 + -1 - -6) + -1 - 0?
5